{"id":14,"date":"2013-04-04T12:49:49","date_gmt":"2013-04-04T11:49:49","guid":{"rendered":"https:\/\/stephanephilipps.fr\/?page_id=14"},"modified":"2023-10-04T14:22:58","modified_gmt":"2023-10-04T13:22:58","slug":"a-propos","status":"publish","type":"page","link":"https:\/\/www.stephanephilipps.fr\/?page_id=14","title":{"rendered":"Prestations"},"content":{"rendered":"<p>Depuis 2009 je vous accompagne dans la r\u00e9alisation de vos projets vid\u00e9o ou de supports de communication.<\/p>\n<h3><strong><em>Vid\u00e9o :<\/em><\/strong><\/h3>\n<ul>\n<li>Captations &amp; Vid\u00e9os \u00e9v\u00e9nementielles (Spectacles, Concerts, Th\u00e9\u00e2tre, etc.)<\/li>\n<li>Vid\u00e9os personnalis\u00e9es (Clips, Interviews, etc.) ou sur demande<\/li>\n<li>Reportage vid\u00e9o<\/li>\n<li>Courts-m\u00e9trages &amp; Sketchs<\/li>\n<\/ul>\n<p>Tous les tournages sont r\u00e9alis\u00e9s avec du mat\u00e9riel professionnel (BMPCC 6k, Canon EOS 5D Mark III, Stabilisateurs, etc.). Avec un grand choix de supports, vous pourrez opter pour le physique ou num\u00e9rique (Fichier, Blu-ray, DVD, etc.).<\/p>\n<p>Des professionnels ainsi que des associations me font confiance depuis plusieurs ann\u00e9es d\u00e9j\u00e0. Que ce soit pour couvrir leurs \u00e9v\u00e9nements ou pour la cr\u00e9ation de supports de communication vid\u00e9o. N&rsquo;h\u00e9sitez pas \u00e0 <a title=\"me contacter\" href=\"http:\/\/www.stephanephilipps.fr\/?page_id=2\">me contacter<\/a>\u00a0pour plus d&rsquo;informations.<\/p>\n<h3><strong><em>Communication :<\/em><\/strong><\/h3>\n<ul>\n<li>Sites Internet (Conception et\/ou gestion avanc\u00e9e)<\/li>\n<li><span style=\"line-height: 12px;\">Flyers (Conception, Impression)<\/span><\/li>\n<li>Affiches\u00a0(Conception, Impression)<\/li>\n<li>Jaquettes CD, DVD, etc.\u00a0(Conception, Impression)<\/li>\n<\/ul>\n\n\n<figure class=\"wp-block-image aligncenter is-resized is-style-default\"><img loading=\"lazy\" decoding=\"async\" src=\"https:\/\/www.stephanephilipps.fr\/wp-content\/uploads\/2020\/10\/camera.jpg\" alt=\"\" class=\"wp-image-721\" style=\"width:446px;height:594px\" width=\"446\" height=\"594\"\/><figcaption class=\"wp-element-caption\">A bient\u00f4t sur votre lieu de tournage!<\/figcaption><\/figure>\n","protected":false},"excerpt":{"rendered":"<p>Depuis 2009 je vous accompagne dans la r\u00e9alisation de vos projets vid\u00e9o ou de supports de communication. Vid\u00e9o : Captations &amp; Vid\u00e9os \u00e9v\u00e9nementielles (Spectacles, Concerts, Th\u00e9\u00e2tre, etc.) Vid\u00e9os personnalis\u00e9es (Clips, Interviews, etc.) ou sur demande Reportage vid\u00e9o Courts-m\u00e9trages &amp; Sketchs Tous les tournages sont r\u00e9alis\u00e9s avec du mat\u00e9riel professionnel (BMPCC 6k, Canon EOS 5D Mark [&hellip;]<\/p>\n","protected":false},"author":1,"featured_media":0,"parent":0,"menu_order":2,"comment_status":"open","ping_status":"closed","template":"","meta":{"_et_pb_use_builder":"on","_et_pb_old_content":"<p>Depuis 2009 je vous accompagne dans la r\u00e9alisation de vos projets vid\u00e9o ou de supports de communication.<\/p>\n<h3><strong><em>Vid\u00e9o :<\/em><\/strong><\/h3>\n<ul>\n<li>Vid\u00e9os \u00e9v\u00e9nementielles (Spectacles, Concerts, Th\u00e9\u00e2tre, etc.)<\/li>\n<li>Vid\u00e9os personnalis\u00e9es (Clips, Interviews, etc.) ou sur demande<\/li>\n<li>Reportage vid\u00e9o<\/li>\n<li>Courts-m\u00e9trages &amp; Sketchs<\/li>\n<\/ul>\n<p>Tous les tournages sont r\u00e9alis\u00e9s avec du mat\u00e9riel professionnel (BMPCC 6k, Canon EOS 5D Mark III, Stabilisateurs, etc.). Avec un grand choix de supports, vous pourrez opter pour le physique ou num\u00e9rique (Fichier, Blu-ray, DVD, etc.).<\/p>\n<p>Des professionnels ainsi que des associations me font confiance depuis plusieurs ann\u00e9es d\u00e9j\u00e0. Que ce soit pour couvrir leurs \u00e9v\u00e9nements ou pour la cr\u00e9ation de supports de communication vid\u00e9o. N'h\u00e9sitez pas \u00e0 <a title=\"me contacter\" href=\"http:\/\/www.stephanephilipps.fr\/?page_id=2\">me contacter<\/a>\u00a0pour plus d'informations.<\/p>\n<h3><strong><em>Communication :<\/em><\/strong><\/h3>\n<ul>\n<li>Sites Internet (Conception et\/ou gestion avanc\u00e9e)<\/li>\n<li><span style=\"line-height: 12px;\">Flyers (Conception, Impression)<\/span><\/li>\n<li>Affiches\u00a0(Conception, Impression)<\/li>\n<li>Jaquettes CD, DVD, etc.\u00a0(Conception, Impression)<\/li>\n<\/ul>\n\n<!-- wp:image {\"align\":\"center\",\"id\":721,\"width\":446,\"height\":594,\"className\":\"is-style-default\"} -->\n<div class=\"wp-block-image is-style-default\"><figure class=\"aligncenter is-resized\"><img src=\"https:\/\/www.stephanephilipps.fr\/wp-content\/uploads\/2020\/10\/camera.jpg\" alt=\"\" class=\"wp-image-721\" width=\"446\" height=\"594\"\/><figcaption>A bient\u00f4t sur votre lieu de tournage!<\/figcaption><\/figure><\/div>\n<!-- \/wp:image -->","_et_gb_content_width":"","footnotes":""},"class_list":["post-14","page","type-page","status-publish","hentry"],"_links":{"self":[{"href":"https:\/\/www.stephanephilipps.fr\/index.php?rest_route=\/wp\/v2\/pages\/14","targetHints":{"allow":["GET"]}}],"collection":[{"href":"https:\/\/www.stephanephilipps.fr\/index.php?rest_route=\/wp\/v2\/pages"}],"about":[{"href":"https:\/\/www.stephanephilipps.fr\/index.php?rest_route=\/wp\/v2\/types\/page"}],"author":[{"embeddable":true,"href":"https:\/\/www.stephanephilipps.fr\/index.php?rest_route=\/wp\/v2\/users\/1"}],"replies":[{"embeddable":true,"href":"https:\/\/www.stephanephilipps.fr\/index.php?rest_route=%2Fwp%2Fv2%2Fcomments&post=14"}],"version-history":[{"count":31,"href":"https:\/\/www.stephanephilipps.fr\/index.php?rest_route=\/wp\/v2\/pages\/14\/revisions"}],"predecessor-version":[{"id":871,"href":"https:\/\/www.stephanephilipps.fr\/index.php?rest_route=\/wp\/v2\/pages\/14\/revisions\/871"}],"wp:attachment":[{"href":"https:\/\/www.stephanephilipps.fr\/index.php?rest_route=%2Fwp%2Fv2%2Fmedia&parent=14"}],"curies":[{"name":"wp","href":"https:\/\/api.w.org\/{rel}","templated":true}]}}